1) + 50. Let p = m + -24. Calculate the highest common divisor of p and 207.
23
Suppose 0 = -4*y - 0*x - 2*x + 570, 5*y = 4*x + 680. Calculate the greatest common factor of 28 and y.
28
Let c = 70 + -48. Calculate the greatest common factor of 110 and c.
22
Let r = 21 + -9. Suppose r = -3*w + 6*w. What is the highest common divisor of 6 and w?
2
Let a(c) = c**2 + 5*c - 9. Let i be a(-7). Let z = -5 + 3. Let n be 4/z - (2 + -9). Calculate the highest common divisor of i and n.
5
Let j be (40/(-25))/(2/(-230)). Let d = j + -107. Calculate the greatest common divisor of 11 and d.
11
Suppose -10 - 25 = -5*c. Let a = c - -26. Let w(o) = 10*o**2 - 2*o - 1. Let m be w(-1). Calculate the greatest common factor of a and m.
11
Let a be (-1)/(1*2/(-6)). Calculate the greatest common factor of a and 1.
1
Let z = -349 + 657. Suppose -2*u - 2*w + z = 2*u, 2*u - 5*w = 154. What is the greatest common divisor of 7 and u?
7
Suppose 0 = 2*y - 5*y + 843. Let k = y + -171. Calculate the greatest common divisor of k and 10.
10
Suppose -3*x - 5 + 26 = 0. Suppose 3*f + 2*f = m + 38, -3*m - 9 = 0. What is the highest common divisor of f and x?
7
Suppose 2*b = 2*q - 10, 2*q + 4 - 6 = b. Let w be 76/10 + b/(-20). Calculate the highest common factor of w and 32.
8
Let y(z) = z**2 - 8*z + 15. Let d be y(8). Calculate the highest common divisor of d and 60.
15
Let v(g) = -2*g - 13 - 8 - 5*g + g. Let y be v(-6). What is the highest common divisor of y and 10?
5
Suppose -1 = -3*i + 20. Calculate the greatest common divisor of 14 and i.
7
Suppose -6 = -3*w + 3. Suppose -2*h = -3*c - 11, -w*c - c = -3*h + 19. Let l be 11 - (0 + (-1 - 1)). Calculate the highest common divisor of h and l.
13
Suppose -5*k + 280 = -5*g, 2*k - 4*k = g - 118. What is the highest common divisor of k and 87?
29
Let i(x) = 7*x - 2. Let o be (-44)/(-77)*7/2. Let k be i(o). Suppose -3*q - t + 163 + 91 = 0, -2*q = 5*t - 178. Calculate the greatest common factor of k and q.
12
Let b be 3 - (-2)/2*-3. Suppose 0*v - 3*v + 96 = b. What is the highest common factor of v and 48?
16
Suppose -2*u + 6 = m - 5, 2*u - 3*m + 1 = 0. What is the greatest common factor of 32 and u?
4
Suppose -54 = -w - 9. What is the greatest common factor of w and 5?
5
Let z(a) be the third derivative of -a**2 - 1/12*a**4 + 0*a + 0 + 0*a**3 + 1/60*a**5. Let r be z(-8). Calculate the greatest common divisor of 10 and r.
10
Let k(d) = 18*d - 3. Let p be k(-3). Let c be (-10)/25 + p/(-5). What is the highest common divisor of c and 121?
11
Suppose 3*g + 51 = -5*k, -k - g - 9 = -0*g. Let v = -7 - k. Suppose -213 = -5*f + 3*n, 8 = 4*n - 8. What is the highest common factor of v and f?
5
Let b be (-2)/9 - 490/(-18). Let d(o) = o + 26. Let v be d(-17). What is the highest common factor of b and v?
9
Suppose 0 = u - 2*d + 5, 3*u + d + 2*d - 30 = 0. Suppose u*h - 14 = -3*l, 3*h - 14 = l - 0. Calculate the greatest common divisor of 8 and h.
4
Let x(f) = -2*f + 63. Let n be x(0). What is the highest common factor of 42 and n?
21
Suppose 2*x + 0*x - 88 = 0. Suppose 0 = -3*f - 20 + 185. Suppose 0*i - f = -5*i. Calculate the highest common divisor of x and i.
11
Suppose 0*w - 126 = -w. Calculate the greatest common divisor of 14 and w.
14
Let g be (13/2)/((-20)/8 + 3). Calculate the highest common divisor of g and 91.
13
Let l be 13/(-13)*(-20 + -1). Calculate the highest common divisor of l and 105.
21
Let w(l) = l**2 - 9*l + 5. Let k be w(5). Let y = k + 50. Calculate the greatest common factor of y and 14.
7
Suppose 0 = 2*o - 73 - 29. Calculate the greatest common factor of 34 and o.
17
Let j(g) = g**3 - 10*g**2 - 11*g + 14. Let c be j(11). What is the highest common divisor of c and 350?
14
Let r(o) = -o**3 - o**2 + 4. Let g be r(0). Suppose -3*z - 27 = -3*y, 2*z + g = -2. Let v be 3/(y/16) - -2. Calculate the greatest common divisor of v and 25.
5
Let u(b) = 208*b + 1. Let r(j) = -j**2 + 4*j + 1. Let q be r(4). Let h be u(q). What is the highest common divisor of h and 19?
19
Suppose 2*g + 120 = 8*g. What is the greatest common factor of 5 and g?
5
Suppose 2*x - 19 - 1 = 2*p, -15 = 3*p. Suppose -16 - 13 = x*i - d, 0 = -3*i - d - 11. Let v be (6/i)/((-2)/50). What is the greatest common factor of v and 6?
6
Let t(l) = -l**3 + 9*l**2 - 9*l + 11. Let w be t(6). Calculate the highest common divisor of w and 13.
13
Let f be (-23)/(-3) + (-5)/(-15). Suppose -g + 82 = 2*l, -l = -2*g - 9 - 27. What is the highest common divisor of l and f?
8
Suppose 4*m + 61 = 3*m - 5*w, 5*w + 265 = -5*m. Let v = 19 - m. What is the highest common divisor of 14 and v?
14
Let p be (-4)/(-2) - (-4)/2. Suppose p*n = 6*n - 102. Suppose 0*c - 5*c + 170 = 0. What is the greatest common divisor of n and c?
17
Suppose 2*y - 3*j + 1 = -4, -2*j = 2. Let h = 17 - y. Suppose -l + 5*b = -0*l - 24, 0 = -5*l - b + 68. What is the greatest common divisor of h and l?
7
Let i be 1/(2 + 0 - 1). Suppose 99 = -2*p + 103. What is the greatest common factor of i and p?
1
Let t(y) = -2*y**3 + y**2 + 38. Let q be t(0). Let r = 87 - q. What is the greatest common divisor of r and 7?
7
Suppose -240 = -y - 4*y - 4*c, -4*c + 32 = y. What is the highest common factor of y and 39?
13
Suppose 3*r - 208 = 128. What is the highest common factor of 16 and r?
16
Suppose 0 = -c - 3*c + 24. Let s = -4 + c. What is the highest common divisor of 2 and s?
2
Let r be (4/2)/(1/1). Let f be (0 - -1) + 5 + -3. Suppose -3*j = f*v + r*v - 206, 5*v + j = 202. What is the highest common divisor of v and 60?
20
Suppose -32 = 4*l - 112. What is the highest common divisor of l and 60?
20
Let p(m) = -m**2 + 9*m - 3. Let l be p(8). Let z = -9 + 30. Suppose l*h = 4*h + z. What is the greatest common divisor of 3 and h?
3
Let s(g) = 16*g. Let m be s(1). Let v = 5 - 3. Suppose -m = -v*y + y. What is the greatest common factor of y and 176?
16
Let u(z) = 4*z**3 - 3*z**2 - 7*z + 3. Let y(o) = -o**3 + o. Let t(g) = u(g) + 3*y(g). Let w be t(4). Calculate the highest common divisor of w and 21.
3
Let o = -22 + 38. Suppose -3*d - 10 = -1, -b + 4*d = -14. Suppose -b*q + 14 = -3*i, -5*i - 12 = -q + 2. What is the greatest common divisor of o and q?
4
Let r be (-38)/(-8) + (-2)/(-8). Suppose 4*j - 3*h = 46, 2*h - r = -j + 1. Suppose 0 = 5*g - g - 280. Calculate the highest common divisor of g and j.
10
Let m(v) = v**2 - 4*v + 4. Let n be m(4). Suppose 86 = n*z - 6. Suppose -8 = -p + 15. Calculate the highest common factor of p and z.
23
Let y = 153 + -133. What is the greatest common factor of 50 and y?
10
Let u(l) = l - 5. Let f be u(-5). Let h = -39 - f. Let w = -20 - h. What is the highest common factor of 3 and w?
3
Suppose -3*x - 4 = -19. Suppose -x*v = 3*w + w - 60, 2*w = -2*v + 28. What is the greatest common divisor of w and 40?
10
Suppose b - 3*o + 12 - 33 = 0, 2*b - 4*o = 40. Let n(v) = 9*v**2 - 7*v - 10. Let k be n(-4). What is the highest common divisor of k and b?
18
Let a = -24 - -48. What is the highest common factor of 72 and a?
24
Let h be 44 - -1*(1 - 0). Let y = -208 + 213. Calculate the greatest common factor of y and h.
5
Let q be 11 - ((-4)/(-2) + 1). What is the greatest common factor of q and 104?
8
Let h = -171 + 184. What is the highest common divisor of h and 13?
13
Let u = 824 - 440. Calculate the highest common divisor of 48 and u.
48
Let g = -364 - -604. What is the greatest common factor of 15 and g?
15
Suppose -4*z - z + 25 = 5*g, 2*z = -4*g + 16. Suppose 2*f = -z*f + 168. Calculate the greatest common factor of f and 6.
6
Let r be (-1 + 12)/((-2)/(-4)). Let i be 2 - 1/((-1)/r). What is the greatest common factor of 8 and i?
8
Let a(c) = -c - 6. Let v be a(-7). Let j be 3/(v/2 + 1). Suppose 0*h = -h + j. Calculate the greatest common divisor of h and 3.
1
Let o(j) = 7*j + 1. Let u be o(1). Let y be 22/(-4) - 4/u. Let q = 13 + y. Calculate the greatest common factor of 63 and q.
7
Let q be ((-4)/8)/((-1)/14). Calculate the highest common factor of q and 28.
7
Let d = 30 + -15. What is the highest common factor of 15 and d?
15
Let r be (-9)/15 - 1430/(-50). What is the highest common factor of r and 7?
7
Let n(h) = -h**3 + 3*h**2 + 4*h + 1. Let o be n(4). Suppose -d + o = -3. What is the highest common divisor of 6 and d?
2
Let f = -70 - -96. Calculate the highest common factor of 91 and f.
13
Su